ors of o?
2, 7, 41
What are the prime factors of ((-94544 + -4)/12)/(-1)?
7879
Let d(c) = 84*c**2 + 117*c - 1041. List the prime factors of d(9).
2, 3, 71
Let g(l) = -12*l**2 - 4*l + 9. Let z be g(3). Let m = z + 123. List the prime factors of (-4)/m + 422/6.
2, 5, 7
List the prime factors of (-2)/(-2) - 244972/(-52).
2, 19, 31
Let w be 4/(-6) + 218226/18 + 4. Suppose -23*f + 4525 = -w. What are the prime factors of f?
2, 181
Suppose 3*h - 14*h + 67230 = 79*h. List the prime factors of h.
3, 83
Let q(p) = p**2 - p - 9. Let m be q(4). Suppose d + m*l - 7*l = -20, -5*l + 25 = 0. Suppose -w = b - 92, -3*w + 279 = -d*w + 2*b. List the prime factors of w.
5, 19
List the prime factors of (-44)/(1936/(-400422)) + 1/(-2).
2, 5, 7, 13
Let k = -58 - -69. Suppose 0 = 30*o - k*o - 760. What are the prime factors of o?
2, 5
Suppose -3*w + 1385*j - 1384*j = -36393, -j = -6. List the prime factors of w.
11, 1103
Suppose 0 = 13*x - 41 - 11. Suppose 46*d = x*d + 12054. List the prime factors of d.
7, 41
Let l(g) = 147*g + 1165. What are the prime factors of l(32)?
5869
Suppose -52*s - 676 = -48*s. Let q = 123 - s. What are the prime factors of q?
2, 73
Suppose -4*w = -2*y + 982, -3*y - 45*w + 1493 = -46*w. Suppose y = 3*r + 478. What are the prime factors of r?
7
Let u = -9451 - -15202. List the prime factors of u.
3, 71
Suppose -2*d = 5*t + 2*d - 45, t - 9 = 3*d. Suppose t*c - 4*c - 5*k = 4710, 4*k + 930 = c. What are the prime factors of c?
2, 11, 43
Let l = -133 - -86. What are the prime factors of (l/(-2))/((-14)/(-196))?
7, 47
Let b(c) = 34*c - 22. Let d = -49 + 67. Let v be 76/d - (-6)/(-27). List the prime factors of b(v).
2, 3, 19
Suppose -993591 = 588*y - 27858723. What are the prime factors of y?
7, 61, 107
Let f be (2/(-8) + (-221)/(-68))*441. Let r = f - 929. What are the prime factors of r?
2, 197
Let w be 17 + -13 - (284 - 1). Let m be 3/(-5) - w/15. Suppose 0 = -k + 3*q + m + 5, 2*k - 67 = -q. What are the prime factors of k?
2
Let b be (-660)/(-45)*135/2. Suppose 0 = -8*s + 3*s + b. List the prime factors of s.
2, 3, 11
Suppose 16*r - 940 - 16180 = 0. Suppose -4*u + h + 1071 = 0, 4*u - h - h - r = 0. List the prime factors of u.
2, 67
Let h(n) = -558*n - 5822. List the prime factors of h(-67).
2, 13, 607
Suppose -3*a = -5*g - 3080, 3*a - g = 2048 + 1016. Let s = -660 + a. List the prime factors of s.
2, 3, 5
Let u = 37 - 72. Let i = 38 + u. Suppose 0 = -i*a + 7*a - 60. What are the prime factors of a?
3, 5
Let x = 12358 + -11165. List the prime factors of x.
1193
Suppose 0 = -5*f - 3*j - 32, 2*f + j + 24 = -3*f. Let b(q) = -292*q**2 - 2*q + 158*q**2 - 16 + 144*q**2. What are the prime factors of b(f)?
2, 19
Suppose 150 = 9*n + 16*n. What are the prime factors of (1538/n)/(12/36)?
769
What are the prime factors of 6049*(9 - (-4 - -12))?
23, 263
Suppose 33 = 4*t + b, b - 26 = -4*t + t. Suppose -603 - 2645 = -t*v. List the prime factors of v.
2, 29
Suppose -16618 = 8*w - 22*w. Let q = w - 141. What are the prime factors of q?
2, 523
Suppose -61 - 3 = -2*r. Let g(w) = 3 - r*w + 1 + 2. List the prime factors of g(-4).
2, 67
Suppose 3*f = 2*w + 2*f - 558, 20 = -5*f. Suppose 0 = -x - w + 1002. What are the prime factors of x?
5, 29
Suppose 50*a = 488261 - 35311. List the prime factors of a.
9059
Suppose 0 = 2*a + 6 + 22. What are the prime factors of ((65/2)/(-5))/(a/1092)?
3, 13
Let i(s) = 1681*s**3 + s**2 + s - 1. Let j(q) = q**3 - 15*q**2 - 32*q - 33. Let z be j(17). What are the prime factors of i(z)?
2, 29
Let z be ((-6314)/35 - -2)/((-2)/5). Let u = 761 - z. What are the prime factors of u?
3, 5, 7
Suppose -2*q = q - 15. Suppose q*b = 847 - 232. What are the prime factors of b/4*72/27?
2, 41
Let w = -3645 - -6891. What are the prime factors of w?
2, 3, 541
Suppose 8*w - 7*w - 34873 = r, 0 = 4*w - r - 139468. List the prime factors of w.
5, 19, 367
Suppose -g + 90*b - 84*b + 6793 = 0, 3*b - 33899 = -5*g. What are the prime factors of g?
6781
Let g = 26159 - -3911. List the prime factors of g.
2, 5, 31, 97
Let b = -29 - -29. Suppose b = -3*w + 6*w - 9. What are the prime factors of (5 - w)*(-11)/(-2)?
11
Let x be ((-1)/(-3))/((-1)/12) - -164. Suppose 0 = -2*i - 6*i + 24. What are the prime factors of (-8)/(-12) - (x/i)/(-1)?
2, 3
Let r = 219 - 219. Suppose 3*j - 333 - 381 = r. What are the prime factors of j?
2, 7, 17
Let x(m) be the first derivative of m**3/3 + m**2/2 - 9*m - 12. Let f be x(-4). List the prime factors of f/2*(-1120)/(-20).
2, 3, 7
Let u(i) = 10*i - 29*i + 11*i + 24*i**2. List the prime factors of u(-5).
2, 5
Let u(t) = -22*t**2 + 3*t - 2. Let i be u(4). Let j(f) = 2*f**3 + 3*f**2 - f - 17. Let x be j(-5). Let o = x - i. List the prime factors of o.
5, 31
Let w(p) = -3*p**2 + 4*p + 37. Let g be w(-7). Let r = -56 - g. Suppose -r + 398 = 4*m. What are the prime factors of m?
79
What are the prime factors of (11778 - (-90)/10) + 1?
2, 7, 421
Let b = 82 + -56. Let t(u) = 2*u**2 + 9*u + 11. Let x be t(-5). Let h = b - x. What are the prime factors of h?
2, 5
Let v(p) = -16*p - 7. Let o be v(-1). Suppose -o*q = 175 - 832. Let z = q - -33. What are the prime factors of z?
2, 53
Suppose 1918*w - 1924*w = -151632. What are the prime factors of w?
2, 3, 13
Let q = 2 + 2. Suppose q*u = -4*o + 268, -u + 0*u = 3*o - 75. Let w = 125 - u. List the prime factors of w.
2, 31
Suppose 14965 = -33*b + 38*b. Suppose -9*l + 1813 = -b. What are the prime factors of l?
2, 3, 89
Suppose -239*r - 258*r = -510*r + 338377. What are the prime factors of r?
26029
Suppose 5*q - 4*j = -j + 10270, j + 4108 = 2*q. Let s = q - 1401. What are the prime factors of s?
653
Let f be 2*(-2)/(-4)*2. Suppose -1522 = -f*c + 2*w, 4*c - 583 = -4*w + 2429. What are the prime factors of c?
757
Let w(v) = -4*v + 62. Let u be w(12). Suppose 46 + u = -5*i. Let f(n) = -22*n - 28. List the prime factors of f(i).
2, 59
Suppose 0 = -2*m - 3*m - 10. Suppose 22 + 18 = -10*p. List the prime factors of (429/6)/(m/p).
11, 13
List the prime factors of (2 - 4)/(-2)*(7943 + 45).
2, 1997
Let h = 199 - 194. Let z(n) = 11*n**2 + 14*n + 7. What are the prime factors of z(h)?
2, 11
Suppose 0 = 11*q - 11720 - 15461. List the prime factors of q.
7, 353
Let u(t) = 26*t + 18. Suppose -3*j = -5*j - 2*g + 260, -j + 126 = -g. Let f = j - 123. What are the prime factors of u(f)?
2, 37
Suppose 86244 = 3*y + 4*i, 4*y - 115022 = -34*i + 32*i. List the prime factors of y.
2, 5, 719
Let q be -1 - -1 - -6 - 3. Let n = q + 18. List the prime factors of n.
3, 7
List the prime factors of ((-2)/6)/(144/(-956016)).
2213
Suppose -5*g = 2*t - 12326, -12*t + 10*t - 4*g = -12332. What are the prime factors of t?
2, 3089
Let g = -23 - -23. Suppose g = 2*o - 6*o + 280. List the prime factors of o/1 + -3 + -5 + 9.
71
Suppose -5*n + 50 = -5*w, 3*w - w = -10. Let o = n - 0. List the prime factors of 15/(-25) + 268/o.
53
Let g = 220 - -167. Let p = 569 - g. List the prime factors of p.
2, 7, 13
Suppose 0 = w, -2*h - 3*h - w - 25 = 0. Let p(c) = 2*c. Let y(x) = -2*x. Let a(j) = h*p(j) - 4*y(j). List the prime factors of a(-5).
2, 5
Let a = 6149 + 781. List the prime factors of a.
2, 3, 5, 7, 11
Let z(n) = 4*n**2 - n + 4. Let r be z(5). Let l be ((-1)/(-2))/(110/7260). Let c = r + l. What are the prime factors of c?
2, 3, 11
Suppose 49 = -5*x - 3*s, 5*s = 5*x + 7*s + 51. What are the prime factors of 1/(-1)*x/(33/360)?
2, 3, 5
Let k(t) = t**3 + 10*t**2 + 13*t + 27. Let s be (-6)/2 + (-7 - (5 + -7)). What are the prime factors of k(s)?
3, 17
Let g = 6251 + -4137. List the prime factors of g.
2, 7, 151
Suppose -241344 = -309*i + 291*i. List the prime factors of i.
2, 419
Let p(q) = 605*q + 2471. What are the prime factors of p(11)?
2, 3, 13
Suppose 37*q = 32*q - 650. Let z = q - -270. Suppose 2*l - m = 73, 3*l + 4*m + z = 7*l. What are the prime factors of l?
2, 19
Suppose r - 19 = -3*t, 0 = -5*t + 3*r + r + 9. Suppose -270 = -2*h - 3*d + d, -t*d = -h + 165. List the prime factors of h.
2, 5, 7
Suppose 439*p - 3480 = 436*p. What are the prime factors of p?
2, 5, 29
Let n(r) = r**3 - 16*r**2 - 13*r + 16. Let g be n(17). Suppose -89*z + g*z + 200 = 0. List the prime factors of z.
2, 5
Suppose 0 = -23*p + 22*p + 1, y - 3*p - 12525 = 0. List the prime factors of y.
2, 3, 29
Let a(t) = -1148*t**3 - t - 2. Let f be a(-1). Suppose